80 and 371520.
240
What is the greatest common divisor of 1839160 and 500?
20
Calculate the greatest common factor of 2463292 and 2623309.
4849
What is the highest common divisor of 401962 and 2278672?
2662
What is the highest common factor of 1710 and 33833880?
90
What is the greatest common divisor of 8460 and 8865?
45
What is the greatest common divisor of 384 and 2931408?
48
What is the highest common factor of 44 and 124132382?
22
What is the greatest common factor of 56529234 and 162?
18
Calculate the greatest common divisor of 127190 and 222532730.
5530
What is the highest common factor of 1403 and 584685?
61
Calculate the greatest common factor of 988 and 170012.
76
Calculate the greatest common factor of 1274 and 699034.
98
What is the highest common factor of 55461 and 9740703?
2919
Calculate the highest common divisor of 488060 and 38755.
115
Calculate the highest common factor of 47134291 and 2139.
713
Calculate the highest common factor of 1138626964 and 2252.
2252
Calculate the highest common factor of 281719067 and 5222.
2611
What is the highest common factor of 4914 and 317954?
182
What is the greatest common divisor of 558626 and 1258?
74
Calculate the greatest common divisor of 19 and 6054977.
19
Calculate the highest common divisor of 391 and 1199787801.
391
Calculate the greatest common divisor of 3969 and 1956.
3
Calculate the highest common divisor of 6162640 and 7569200.
11920
Calculate the greatest common divisor of 1733174 and 151354.
1138
What is the highest common divisor of 780 and 59331220?
260
What is the highest common divisor of 365940 and 736160?
2140
What is the highest common factor of 6138228 and 24?
12
What is the greatest common factor of 85142064 and 43344?
14448
What is the highest common divisor of 137233 and 11100?
37
Calculate the highest common divisor of 1336595 and 4810.
65
What is the greatest common factor of 27081 and 25750845?
1593
What is the highest common divisor of 663 and 421458713?
221
What is the highest common divisor of 51874 and 52765672?
1402
What is the greatest common divisor of 2103913 and 4263?
49
Calculate the highest common factor of 1727100 and 35910.
1710
Calculate the greatest common divisor of 384561400 and 200.
200
What is the highest common factor of 209514942 and 182?
182
What is the greatest common factor of 120517058 and 236?
118
What is the highest common factor of 80168824 and 886?
886
Calculate the greatest common factor of 20 and 1644005180.
20
Calculate the greatest common factor of 296202 and 243.
3
What is the greatest common divisor of 89 and 33557539?
89
Calculate the greatest common divisor of 202465189 and 85.
17
Calculate the greatest common factor of 21 and 12450319.
7
Calculate the highest common divisor of 15728661 and 9.
9
What is the highest common divisor of 239134953 and 12436?
3109
Calculate the highest common divisor of 848943 and 28377.
9
What is the greatest common divisor of 24588 and 298512?
36
Calculate the highest common factor of 204 and 33138321.
51
What is the highest common factor of 230 and 8254378?
46
What is the highest common factor of 22203664 and 154?
14
What is the greatest common factor of 96 and 328510464?
96
Calculate the highest common divisor of 1846752 and 4776.
24
What is the greatest common factor of 24 and 312376?
8
Calculate the greatest common factor of 930661 and 148.
37
Calculate the greatest common divisor of 933951 and 38967.
1257
What is the highest common factor of 21795 and 207990?
15
What is the greatest common factor of 826 and 4534858?
118
Calculate the greatest common factor of 6650 and 184002.
14
Calculate the greatest common divisor of 4312 and 439285.
539
Calculate the highest common factor of 16 and 705117152.
16
Calculate the greatest common divisor of 55 and 3403158.
11
What is the highest common divisor of 121618 and 32704?
1022
What is the highest common factor of 322 and 215269880?
322
What is the greatest common divisor of 534 and 1585268?
178
What is the greatest common factor of 36355 and 3520?
55
What is the highest common factor of 56125565 and 956?
239
What is the highest common factor of 48 and 376720?
16
Calculate the greatest common divisor of 101164 and 2128.
28
What is the highest common divisor of 808 and 4544596?
404
Calculate the greatest common divisor of 667 and 5636050617.
667
What is the highest common factor of 9018 and 2352696?
1002
What is the highest common factor of 5932 and 42578413?
1483
Calculate the highest common divisor of 3221836 and 108.
4
Calculate the highest common factor of 200 and 798300.
100
Calculate the highest common divisor of 176240568 and 252.
84
What is the highest common factor of 8225976 and 31548?
132
What is the greatest common divisor of 8001 and 2162937?
2667
Calculate the highest common divisor of 311922051 and 469.
469
What is the greatest common factor of 150 and 8227840?
10
Calculate the highest common factor of 18009 and 2792439.
261
What is the highest common divisor of 660219045 and 60?
15
Calculate the greatest common divisor of 185784695 and 22195.
965
Calculate the greatest common factor of 724204 and 800280.
988
Calculate the highest common divisor of 40 and 378916690.
10
Calculate the greatest common factor of 35830269 and 451.
41
What is the highest common divisor of 1512 and 14693049?
189
Calculate the highest common divisor of 1070328 and 12.
12
Calculate the greatest common factor of 3625 and 24389725.
725
What is the highest common factor of 5109 and 3388749?
39
What is the highest common factor of 20170500 and 56406?
714
What is the highest common factor of 214848 and 43128?
72
What is the highest common divisor of 11172 and 80514?
42
Calculate the greatest common factor of 38674 and 304329.
61
What is the highest common factor of 1384794 and 6424984?
1438
What is the highest common factor of 2062571 and 12167?
529
What is the highest common divisor of 3028528 and 1305?
29
What is the greatest common divisor of 66 and 2804241?
33
What is the highest common divisor of 143083 and 23874?
23
What is the greatest common factor of 11515822 and 319412?
3398
Calculate the greatest common factor of 117931533 and 1116.
93
Calculate the greatest common divisor of 157 and 50639408.
157
What is the highest common divisor of 848 and 16740368?
848
Calculate the greatest common factor of 921722 and 33228.
142
What is the highest common factor of 6104 and 2802499?
763
Calculate the greatest common divisor of 177850024 and 14184.
1576
Calculate the highest common factor of 312057284 and 58058.
4466
Calculate the highest common divisor of 39759 and 787002.
87
Calculate the highest common divisor of 2754567 and 35883.
81
What is the highest common divisor of 58624 and 80292896?
7328
Calculate the highest common factor of 39125 and 3025.
25
What is the highest common factor of 72 and 72162096?
24
What is the highest common divisor of 36840871 and 23?
23
What is the highest common factor of 3974856 and 27144?
696
Calculate the greatest common divisor of 300316158 and 124.
62
Calculate the highest common divisor of 76 and 9656272.
4
Calculate the highest common divisor of 237152 and 52448.
32
Calculate the greatest common factor of 143 and 12751673.
11
Calculate the highest common divisor of 2144 and 29496482.
134
What is the greatest common divisor of 79544 and 2093764?
244
What is the greatest common divisor of 803684 and 7?
7
Calculate the highest common divisor of 15392608 and 528.
176
What is the highest common factor of 17 and 6458555?
17
Calculate the highest common factor of 230487615 and 32572.
8143
What is the greatest common divisor of 7404190 and 10?
10
What is the greatest common divisor of 72557 and 695452?
1369
Calculate the highest common factor of 841236 and 2211.
33
Calculate the greatest common factor of 7963992 and 612.
36
Calculate the greatest common factor of 12222 and 2853546.
582
Calculate the greatest common divisor of 3675 and 177513.
21
Calculate the greatest common factor of 96 and 2536016.
16
What is the highest common divisor of 120840 and 624552?
1272
What is the greatest common divisor of 722863148 and 13384?
6692
Calculate the highest common factor of 270912 and 152456.
136
Calculate the highest common factor of 2327 a